224 a factor of 140148736?
True
Is 2385045 a multiple of 135?
True
Does 162 divide 249553660?
False
Is 44969746 a multiple of 107?
True
Is 573417853 a multiple of 483?
False
Is 5088086 a multiple of 84?
False
Is 48 a factor of 65348736?
True
Does 23 divide 220463832?
True
Is 139 a factor of 177016639?
True
Does 15 divide 53209065?
True
Does 471 divide 11532906?
True
Is 411 a factor of 587744385?
True
Is 887755986 a multiple of 10271?
False
Does 9 divide 29170917?
True
Does 204 divide 26524670?
False
Is 73 a factor of 35338286?
False
Does 146 divide 10071961?
False
Is 26 a factor of 54899679?
False
Does 14 divide 8637762?
True
Is 77870835 a multiple of 105?
True
Does 41 divide 231775747?
True
Is 501731971 a multiple of 2579?
False
Is 23 a factor of 13939886?
True
Does 21 divide 6597430?
False
Is 65223718 a multiple of 41?
False
Is 5 a factor of 97341124?
False
Is 805 a factor of 608651645?
True
Does 199 divide 13975969?
True
Does 49 divide 45031882?
True
Does 742 divide 15760080?
True
Is 5629 a factor of 394919382?
True
Is 15227277 a multiple of 533?
True
Is 12 a factor of 1294276344?
True
Is 19002405 a multiple of 29?
False
Does 338 divide 28064816?
True
Is 1648655591 a multiple of 5070?
False
Does 1384 divide 170207088?
True
Is 387832649 a multiple of 438?
False
Does 14 divide 650702038?
True
Does 1011 divide 11997399?
False
Is 87032456 a multiple of 9?
False
Is 781598950 a multiple of 57?
False
Is 20070480 a multiple of 240?
True
Is 5206119 a multiple of 14?
False
Is 277 a factor of 171002072?
True
Does 6 divide 86161296?
True
Is 23762037 a multiple of 745?
False
Does 147 divide 11797632?
True
Is 29 a factor of 172228854?
True
Is 2572610733 a multiple of 7161?
True
Is 1164504308 a multiple of 7?
False
Does 8 divide 9087187?
False
Is 13750170 a multiple of 30?
True
Does 190 divide 1635705060?
True
Is 183119803 a multiple of 17?
False
Is 1943324864 a multiple of 38?
True
Is 11757231 a multiple of 348?
False
Is 158 a factor of 10903700?
False
Is 2572197780 a multiple of 20?
True
Does 15 divide 24860400?
True
Is 809 a factor of 1342946472?
True
Is 7138464 a multiple of 8?
True
Is 11868896 a multiple of 1648?
True
Is 8 a factor of 1984515?
False
Is 52 a factor of 176583472?
True
Is 49 a factor of 319564378?
True
Is 172906010 a multiple of 86?
True
Is 21 a factor of 5285290468?
False
Is 1094168072 a multiple of 8?
True
Is 355 a factor of 217168410?
True
Is 464 a factor of 272617888?
False
Does 329 divide 17226111?
True
Is 347180062 a multiple of 9045?
False
Is 8759151 a multiple of 3?
True
Is 766574760 a multiple of 5585?
True
Is 10748 a factor of 5280911572?
True
Is 140967680 a multiple of 64?
True
Is 1427538529 a multiple of 88?
False
Is 2430151392 a multiple of 24?
True
Does 696 divide 25986366?
False
Is 25 a factor of 21236075?
True
Is 7 a factor of 29787641?
False
Is 536916072 a multiple of 21?
True
Does 6062 divide 145405398?
False
Does 5 divide 182857281?
False
Does 3380 divide 73231429?
False
Is 17 a factor of 135701224?
False
Is 150 a factor of 144991050?
True
Is 560652439 a multiple of 19?
False
Does 451 divide 28805554?
False
Does 1444 divide 1417411628?
True
Does 67 divide 766525731?
False
Is 45470034 a multiple of 18?
True
Does 36 divide 600473880?
True
Is 24 a factor of 39892452?
False
Is 356934726 a multiple of 29?
True
Does 7 divide 45645825?
False
Does 9 divide 172235205?
True
Does 59 divide 273913872?
True
Is 120 a factor of 18916986?
False
Is 354065834 a multiple of 2686?
True
Does 994 divide 2317107436?
True
Is 173965428 a multiple of 54?
True
Is 3926332 a multiple of 4?
True
Is 110 a factor of 74340809?
False
Does 132 divide 10347446?
False
Is 68 a factor of 11759104?
True
Is 1296805699 a multiple of 71?
True
Is 233 a factor of 487767069?
False
Is 217 a factor of 36822964?
False
Is 3069598 a multiple of 1105?
False
Is 363 a factor of 12027235?
False
Is 500322 a multiple of 25?
False
Does 5 divide 330421079?
False
Is 471 a factor of 22742258?
False
Is 61470270 a multiple of 30?
True
Does 10 divide 985876130?
True
Is 1079009354 a multiple of 124?
False
Does 311 divide 6114882?
True
Is 124093871 a multiple of 2059?
True
Is 452982084 a multiple of 1732?
True
Is 13612792 a multiple of 134?
True
Is 49 a factor of 144410644?
True
Is 43113774 a multiple of 9?
False
Does 815 divide 12062101?
False
Does 32 divide 28534496?
True
Is 29011626 a multiple of 18?
True
Is 30380558 a multiple of 359?
False
Is 2138923024 a multiple of 408?
False
Is 189483300 a multiple of 745?
True
Does 6 divide 2100907848?
True
Does 7668 divide 2172296004?
False
Does 3100 divide 122546100?
True
Is 54278669 a multiple of 241?
False
Is 14 a factor of 632239244?
True
Is 17102833 a multiple of 347?
False
Does 43 divide 40287775?
True
Does 515 divide 50032550?
False
Is 16450983 a multiple of 4?
False
Does 1537 divide 49973824?
False
Does 312 divide 62040000?
False
Is 2 a factor of 1561566?
True
Is 2007 a factor of 41769684?
True
Does 3408 divide 2145397344?
True
Does 14 divide 141045246?
False
Is 130 a factor of 78781167?
False
Is 27 a factor of 186592597?
False
Does 170 divide 27180280?
True
Is 2286 a factor of 344589354?
True
Is 4789918193 a multiple of 818?
False
Is 1065864413 a multiple of 25?
False
Does 28 divide 17535375?
False
Is 1407125605 a multiple of 419?
True
Is 63175902 a multiple of 59?
True
Does 10 divide 383171420?
True
Is 296281905 a multiple of 141?
False
Does 470 divide 779761960?
True
Is 13550303 a multiple of 3862?
False
Is 38 a factor of 8164300?
True
Does 11 divide 47028575?
True
Is 6646500414 a multiple of 54?
True
Does 11 divide 7093492344?
False
Is 14 a factor of 2395036?
True
Does 554 divide 25192754?
False
Does 13 divide 1011427456?
True
Is 311334484 a multiple of 41?
True
Does 83 divide 542201235?
True
Does 252 divide 2261329084?
False
Does 3556 divide 76827380?
True
Is 18491416 a multiple of 698?
True
Is 24 a factor of 79632624?
True
Is 166 a factor of 94157229?
False
Does 73 divide 762996?
True
Is 217992819 a multiple of 561?
True
Does 2 divide 196317926?
True
Is 2046088902 a multiple of 33?
True
Is 3465 a factor of 30320305?
False
Is 10 a factor of 534818420?
True
Does 5 divide 1300611684?
False
Is 4176576 a multiple of 432?
True
Does 3680 divide 47751680?
True
Is 1086983209 a multiple of 40?
False
Is 461086997 a multiple of 3112?
False
Does 970 divide 938767984?
False
Is 134 a factor of 123198260?
True
Is 10445190 a multiple of 105?
True
Does 95 divide 21446093?
False
Is 27797352 a multiple of 4449?
True
Is 4560 a factor of 1794080433?
False
Is 53174495 a multiple of 469?
False
Does 44 divide 864068040?
True
Is 103 a factor of 25637155?
False
Is 2658162301 a multiple of 19?
True
Does 20 divide 2165351880?
True
Does 8 divide 7433169?
False
Does 15 divide 5782620?
True
Is 126 a factor of 54120208?
False
Does 3316 divide 886478317?
False
Is 208 a factor of 40744721?
False
Is 13 a factor of 661828310?
True
Is 18 a factor of 129848532?
False
Is 8 a factor of 305271517?
False
Is 10264 a factor of 558813216?
True
Is 6707356 a multiple of 38?
False
Is 1791285462 a multiple of 49?
False
Is 169 a factor of 3322911?
False
Is 1379 a factor of 805047789?
True
Is 1068 a factor of 190362113?
False
Does 1072 divide 1105293104?
True
Is 100 a factor of 16015277?
False
Is 318 a factor of 58847808?
True
Is 349888933 a multiple of 2691?
False
Is 440020577 a multiple of 1920?
False
Is 192314763 a multiple of 27?
True
Is 15 a factor of 39419145?
True
Does 1381 divide 122462937?
True
Is 322532381 a multiple of 213?
False
Is 57272166 a multiple of 63?
True
Is 42128861 a multiple of 41?
False
Does 4222 divide 2335509688?
False
Is 258647232 a multiple of 822?
True
Does 134 divide 258995100?
False
Is 249648051 a multiple of 165?
False
Is 19 a factor of 1038281568?
False
Is 3936654727 a multiple of 11?
False
Is 376 a factor of 181632064?
True
Does 1392 divide 23939950?
False
Is 111313061 a multiple of 641?
False
Is 7 a factor of 2461869?
False
Is 883 a factor of 1322271260?
False
Is 32369504 a multiple of 3191?
True
Is 1729460262 a multiple of 193?
True
Is 5129490 a multiple of 15?
True
Is 371749032 a multiple of 166?
True
Is 2560410972 a multiple of 2637?
True
Is 666766190 a multiple of 2592?
False
Is 44770560 a multiple of 20?
True
Is 38 a factor of 38753